pose -3*s = 2*d - 65, 4*d + s - 6*s - l = 0. List the prime factors of d.
2, 7
Suppose -14*g + 15*g = 0. Suppose 8*p - 2*p - 240 = g. List the prime factors of p.
2, 5
Suppose -5*v + 11388 = -p, p = 6*v - 7*v + 2280. List the prime factors of v.
2, 17, 67
What are the prime factors of (-36)/(3/(-59 + 5))?
2, 3
Suppose -2*z - 8 = 0, p - 2*p - z = -89. What are the prime factors of p?
3, 31
Suppose 0 = 4*h - 5*f + 2*f - 2392, -2*f = -4*h + 2388. List the prime factors of h.
5, 7, 17
Suppose 0 = -4*y + y. Let v be y/(-15)*(-1)/(-3). Suppose 5*s - 39 - 91 = v. List the prime factors of s.
2, 13
Let i(g) = 8*g**3 - 9*g**2 + 11*g + 5. List the prime factors of i(6).
5, 59
Let b(p) = -386*p**3 - 2*p**2 + 3*p + 4. List the prime factors of b(-1).
5, 7, 11
Suppose -31*m + 25360 = -35679. List the prime factors of m.
11, 179
Suppose 134*h = 117*h + 94316. List the prime factors of h.
2, 19, 73
Let m = 23 - -12. Suppose -130 = -5*d - 4*i, -2*d = -0*i - i - 39. Suppose -m = -3*o + d. What are the prime factors of o?
19
Suppose 4*z + 4 = 5*k + 12, 0 = -3*z - 2*k + 29. Let y(w) = w**2 + 3*w + 10. What are the prime factors of y(z)?
2, 5
Let f(u) = 52*u - 197. What are the prime factors of f(15)?
11, 53
What are the prime factors of 1142/5 - 6/15?
2, 3, 19
Let c(t) = -t**3 - 14*t**2 - 32*t - 24. List the prime factors of c(-14).
2, 53
Let l be 0*(-2)/(-4)*-1. Suppose 3*g + l*g - 69 = i, 5*i - 23 = -g. What are the prime factors of g?
23
Let x(c) = c**3 + 6*c**2 - 2*c - 7. Let g be x(-6). Suppose g*s + 99 = 389. What are the prime factors of s?
2, 29
Let g = 202 - -180. What are the prime factors of g?
2, 191
What are the prime factors of (-39)/(-26) - 12177/(-6)?
3, 677
Let l = -213 + 790. What are the prime factors of l?
577
Let k be (2 + -1)*-3*-2. What are the prime factors of (-3)/k - (-33)/6?
5
Let k = 0 - 3. What are the prime factors of (-21 + k)*24/(-9)?
2
List the prime factors of ((-4560)/(-42))/(4/14).
2, 5, 19
Let q(w) = -w - 4. Let x be q(3). Let j(d) be the first derivative of -d**4/4 - 4*d**3/3 + 17*d**2/2 + 2*d + 6. What are the prime factors of j(x)?
2, 3, 5
Let x(z) = -41*z - 85. List the prime factors of x(-16).
571
Let l = 2379 + -1502. List the prime factors of l.
877
Suppose -4*i = -31*f + 28*f - 13107, -4*f = -4*i + 13112. What are the prime factors of i?
3, 1091
Suppose 4*f = -2*a + 62, 34 = 5*a + 3*f - 128. Let b = a + -19. Suppose 4*m + 6 - b = 0. What are the prime factors of m?
2
Let w(p) = 3*p**2 + 32*p - 70. What are the prime factors of w(-20)?
2, 5, 7
Let l = 26 - 2. Suppose -4*p = -4*a + l, -2*p = 3*a - 10 + 2. What are the prime factors of 1/p + (-111)/(-6)?
2, 3
Let b be 25/5 + -5 + (1 - -2). Suppose -5*f + 270 = b*w - 2*w, 2*w = f + 562. What are the prime factors of w?
2, 5, 7
Let b(i) = -i + 13. Let r = 12 + -22. Let j = r - -4. What are the prime factors of b(j)?
19
Let w(p) = -p**2 + p + 4. Let f be w(-3). Suppose -m - 3 = -39. Let h = m + f. List the prime factors of h.
2, 7
Let d(j) = j**2 + 9*j + 15. Let o(p) = -p**3 - 4*p**2 + 4*p + 1. Let v be o(-5). Suppose 5 + v = -i. What are the prime factors of d(i)?
37
Suppose 0 = -v - h + 6*h + 1709, -6920 = -4*v - h. What are the prime factors of v?
7, 13, 19
Suppose 20 = f - 6*f, -5*w = 2*f - 282. Let a = w - 0. List the prime factors of a.
2, 29
Let s(a) = -18*a**3 - 3*a**2 + 9*a - 8. List the prime factors of s(-5).
2, 1061
Let b = 759 + 495. List the prime factors of b.
2, 3, 11, 19
List the prime factors of (-571 + 1)*(-12)/8.
3, 5, 19
Let i be (4 - (4 - 1))*5. Suppose i*j = -3*x + 4*x + 754, x + 4 = 0. List the prime factors of j.
2, 3, 5
Suppose 2 = -4*m - 434. Let g = -101 - m. What are the prime factors of g?
2
Suppose 10945 = 23*b - 6443. What are the prime factors of b?
2, 3, 7
Let v(i) = -i**3 + 2*i**2 + 4*i - 3. Let l be v(3). Let g(f) = -f**3 + 7*f**2 - f - 3. Let j be g(5). Suppose o - 3*o + j = l. List the prime factors of o.
3, 7
List the prime factors of -5 - (-2405 + 45/9).
5, 479
What are the prime factors of 7 - (-13)/(39/324)?
5, 23
Let n(z) = -2*z**2 + 2*z + 1. Let t be n(3). Let g(b) = 12*b**2 + 9*b + 1 + 1 + 0 + b**3. What are the prime factors of g(t)?
2, 3
Suppose -1880*t + 3196 = -1876*t. What are the prime factors of t?
17, 47
Suppose -4 = -2*v - c, v + 4*c - 2 = -0*v. Let r(y) = -4*y - v - 15 + 2*y. List the prime factors of r(-12).
7
Suppose -5*f - 2*g + 43 = g, f - 4*g = 4. Suppose 0 = -4*s + 4*w + 156, -4*w = -3*s + 110 + f. List the prime factors of s.
2, 19
Let y(m) = 9*m - 31. Let a be (5 - 7)/((-1)/8). What are the prime factors of y(a)?
113
Suppose -5*z - p + 7 = 0, -5*z - 6*p = -p - 15. List the prime factors of (z/(-1))/((-2)/34).
17
Suppose 0 = -2*x - 3*q + 52, 3*x + 4*q - 6 = 74. What are the prime factors of x?
2
Let q(m) = -2*m**3 + m + 969. What are the prime factors of q(0)?
3, 17, 19
Let i = -563 - -1067. Suppose -2*k + i = 7*k. List the prime factors of k.
2, 7
Let k(s) = -s - 6. Let z be k(-6). Suppose f - 4*a + 18 = z, 0 = 3*f + a - 2*a + 10. Let c = 27 - f. What are the prime factors of c?
29
List the prime factors of ((-312)/36)/(((-8)/372)/1).
13, 31
Let u(j) = j**3 + j + 16. Suppose -22 = -3*h - 2*y, 2 = h - y - y. Let s = -6 + h. List the prime factors of u(s).
2
Suppose 18 = -h + 48. Suppose 36 - 11 = 5*n - 5*v, 0 = 5*n + 4*v + 2. Suppose 0*s = -n*s - 2*x + 22, -4*x = 2*s - h. List the prime factors of s.
7
Suppose 37 = 2*j + 3. Let g(f) = f**2 - 17*f + 25. What are the prime factors of g(j)?
5
Let s(p) = p - 1. Let f(b) = -8*b - 4. Let i(v) = f(v) + 4*s(v). List the prime factors of i(-6).
2
Suppose r - 4*a - 25 = a, 2*r + 3*a = -15. Suppose -1 = -k - r*k. Suppose 0*j + k = o - 5*j, 20 = 5*j. What are the prime factors of o?
3, 7
What are the prime factors of -12*(2/(-7) + (-8942)/357)?
2, 19
Suppose 3*i - 198 = 3*n, -i - 21 = -2*n - 91. Suppose 8*a - i = 42. What are the prime factors of a?
13
Let d(n) = -2*n**3 - 11*n**2 + 8*n + 29. What are the prime factors of d(-9)?
2, 131
Let k be (-226)/10 - 2/5. What are the prime factors of ((-5)/5 - 6)*k?
7, 23
Suppose 13186 = 4*d + 2682. What are the prime factors of d?
2, 13, 101
List the prime factors of 5/(10/112) + 89 + -91.
2, 3
Let z = -4 + 60. Let j = -15 + z. What are the prime factors of j?
41
Let p = -16 + 17. Let n be ((-6)/15)/(p/10). Let b(v) = -v**3 - v**2 - v - 5. What are the prime factors of b(n)?
47
Let m(o) = 11*o - 22. What are the prime factors of m(11)?
3, 11
Let s = -853 - -1212. List the prime factors of s.
359
What are the prime factors of (-110576)/(-38) + 108/1026?
2, 3, 5, 97
Let k(t) = 3*t**2 + 10*t + 10. Let n = 44 - 50. List the prime factors of k(n).
2, 29
Suppose 2*q + 3*k - 1623 = 0, 4*k + 244 = -3*q + 2678. Suppose -q = -5*m + 5*y, -m - 3*y = m - 304. List the prime factors of m.
2, 79
List the prime factors of (-6)/9*(-1455)/2.
5, 97
Let o(t) = -45*t**3 - 11*t**2 - 58*t - 5. List the prime factors of o(-4).
3, 977
Let k = 51 + -75. Let r = -4 + k. What are the prime factors of 13 - 7/(r/(-8))?
11
Suppose 71 + 10 = 3*r. Suppose 5 = 4*w - r. Let l = 13 + w. What are the prime factors of l?
3, 7
Let s(a) = -a**2 - 5*a - 1. Let q be s(-7). Let i be (q/20)/((-2)/32). List the prime factors of (-502)/(-22) + i/66.
23
Suppose 0 = -5*b - 38 + 108. Let j(r) = -r**2 + 14*r + 19. What are the prime factors of j(b)?
19
Suppose -7*m = -4*m - 183. Suppose 3*z + 153 = -5*v, z - 3*v + 8*v + m = 0. List the prime factors of 1/((-3)/(-6)) - z.
2, 3
Let y(m) = -10*m**3 + 2*m**2 - 9*m - 25. List the prime factors of y(-5).
2, 3, 5, 11
Let h(n) = -5*n**2 - 32*n - 41. Let j(y) = 2*y**2 + 11*y + 14. Let f(q) = 3*h(q) + 8*j(q). Let t be (-2 - 5/(-4))*-16. List the prime factors of f(t).
37
Let w(p) = p + 25. Let c be w(9). Let i be 1208/20 - (-2)/(-5). Let a = i - c. What are the prime factors of a?
2, 13
Let v(u) = 189*u**3 + 2*u**2 - 2*u + 1. List the prime factors of v(1).
2, 5, 19
Let n(p) = -134*p + 5 + 133*p - 5*p**2 + 2*p**3 - p**3. Let k be n(5). Suppose -5*z - 4*h + 50 - 15 = k, -5 = h. What are the prime factors of z?
11
Let d = -960 + 1766. List the prime factors of d.
2, 13, 31
Suppose 4*t = 2*z - 66, -4*t - 5*z - 55 = 18. Let y = 14 + t. Let f(k) = -k + 4. What are the prime factors of f(y)?
7
Let r(q) = q**2 - 8*q + 2. Suppose -6*h = -107 + 4